5?
8
What is the tens digit of 12909500?
0
What is the millions digit of 2611047445?
1
What is the billions digit of 2131145259?
2
What is the ten thousands digit of 354037974?
3
What is the ten millions digit of 549573156?
4
What is the hundred thousands digit of 677976281?
9
What is the ten millions digit of 147664847?
4
What is the units digit of 5043945203?
3
What is the millions digit of 70996135?
0
What is the millions digit of 4311156?
4
What is the thousands digit of 287522379?
2
What is the hundred millions digit of 113910306?
1
What is the ten thousands digit of 44093631?
9
What is the tens digit of 7687183?
8
What is the tens digit of 430279537?
3
What is the ten millions digit of 17297626?
1
What is the units digit of 770841404?
4
What is the thousands digit of 47364916?
4
What is the thousands digit of 128986030?
6
What is the hundred millions digit of 161499112?
1
What is the thousands digit of 5348281358?
1
What is the hundred thousands digit of 110815125?
8
What is the thousands digit of 2125699618?
9
What is the ten millions digit of 90035484?
9
What is the ten millions digit of 37437191?
3
What is the millions digit of 211553989?
1
What is the billions digit of 2110993380?
2
What is the hundreds digit of 765394393?
3
What is the thousands digit of 66962564?
2
What is the millions digit of 3057126824?
7
What is the tens digit of 181539117?
1
What is the ten millions digit of 20880878?
2
What is the thousands digit of 81865299?
5
What is the tens digit of 46930724?
2
What is the tens digit of 1131282?
8
What is the thousands digit of 2199739371?
9
What is the ten thousands digit of 363615117?
1
What is the ten millions digit of 16481569?
1
What is the thousands digit of 3400115082?
5
What is the hundred millions digit of 671824926?
6
What is the hundred thousands digit of 79790031?
7
What is the ten millions digit of 47277127?
4
What is the hundred thousands digit of 221960859?
9
What is the units digit of 3242449994?
4
What is the hundreds digit of 4148612819?
8
What is the ten millions digit of 1924157509?
2
What is the billions digit of 5692799961?
5
What is the thousands digit of 216641212?
1
What is the units digit of 56725789?
9
What is the thousands digit of 49176739?
6
What is the hundred millions digit of 118570482?
1
What is the hundred millions digit of 5409616610?
4
What is the hundred millions digit of 155284088?
1
What is the thousands digit of 122539804?
9
What is the ten thousands digit of 261475469?
7
What is the hundreds digit of 2742229947?
9
What is the hundreds digit of 81173247?
2
What is the thousands digit of 249519251?
9
What is the millions digit of 5469958929?
9
What is the ten thousands digit of 106178779?
7
What is the hundred thousands digit of 8683931361?
9
What is the billions digit of 6788643130?
6
What is the millions digit of 170555741?
0
What is the ten thousands digit of 597076592?
7
What is the units digit of 1913065404?
4
What is the units digit of 169244238?
8
What is the hundreds digit of 57592684?
6
What is the hundred thousands digit of 27492962?
4
What is the units digit of 15083599?
9
What is the ten thousands digit of 17478502?
7
What is the hundreds digit of 1964565867?
8
What is the ten millions digit of 315360543?
1
What is the units digit of 1365166326?
6
What is the ten millions digit of 1601771687?
0
What is the hundreds digit of 546088539?
5
What is the hundred millions digit of 138325273?
1
What is the tens digit of 106749110?
1
What is the millions digit of 1233586550?
3
What is the millions digit of 80580891?
0
What is the hundred millions digit of 127114632?
1
What is the tens digit of 4975087?
8
What is the ten millions digit of 1931107365?
3
What is the units digit of 92917947?
7
What is the hundred thousands digit of 229329695?
3
What is the millions digit of 52508397?
2
What is the hundred millions digit of 4733682362?
7
What is the millions digit of 58443751?
8
What is the billions digit of 1071656825?
1
What is the units digit of 915391238?
8
What is the hundred millions digit of 469246401?
4
What is the ten thousands digit of 2335528676?
2
What is the tens digit of 815749877?
7
What is the units digit of 146132275?
5
What is the ten thousands digit of 1507496557?
9
What is the millions digit of 72360126?
2
What is the tens digit of 772358278?
7
What is the ten millions digit of 540416656?
4
What is the ten millions digit of 53770024?
5
What is the ten millions digit of 1195653623?
9
What is the hundred thousands digit of 16483499?
4
What is the hundreds digit of 1580080026?
0
What is the thousands digit of 170130221?
0
What is the thousands digit of 162722236?
2
What is the ten thousands digit of 213915576?
1
What is the hundred thousands digit of 1025981999?
9
What is the ten thousands digit of 55238441?
3
What is the ten thousands digit of 57742518?
4
What is the units digit of 126709409?
9
What is the ten millions digit of 3466332949?
6
What is the millions digit of 487452878?
7
What is the thousands digit of 96573213?
3
What is the hundred millions digit of 4557216794?
5
What is the ten millions digit of 56962357?
5
What is the ten millions digit of 12847588?
1
What is the tens digit of 7660288429?
2
What is the ten thousands digit of 1006547491?
4
What is the ten millions digit of 2238401216?
3
What is the ten millions digit of 1423304314?
2
What is the units digit of 89334508?
8
What is the millions digit of 91092990?
1
What is the hundred thousands digit of 229219146?
2
What is the hundred thousands digit of 77489041?
4
What is the tens digit of 1722951948?
4
What is the tens digit of 129505301?
0
What is the hundred thousands digit of 68085924?
0
What is the units digit of 41514040?
0
What is the hundred thousands digit of 85550850?
5
What is the ten thousands digit of 524076629?
7
What is the thousands digit of 22475946?
5
What is the millions digit of 509844236?
9
What is the billions digit of 3688030639?
3
What is the hundred thousands digit of 46713588?
7
What is the ten millions digit of 72634189?
7
What is the thousands digit of 19652217?
2
What is the ten millions digit of 257087173?
5
What is the ten millions digit of 33077427?
3
What is the hundreds digit of 218855846?
8
What is the units digit of 2241618828?
8
What is the hundred thousands digit of 3230244007?
2
What is the units digit of 1345717832?
2
What is the millions digit of 224842109?
4
What is the tens digit of 105742720?
2
What is the hundreds digit of 24472244?
2
What is the millions digit of 680031703?
0
What is the hundred thousands digit of 89196955?
1
What is the thousands digit of 1691209988?
9
What is the units digit of 1042947503?
3
What is the hundreds digit of 60928088?
0
What is the units digit of 132431148?
8
What is the units digit of 2071249747?
7
What is the ten millions digit of 138665918?
3
What is the millions digit of 509426176?
9
What is the millions digit of 18667848?
8
What is the millions digit of 700670358?
0
What is the hundred thousands digit of 9918431?
9
What is the hundreds digit of 439147829?
8
What is the millions digit of 1505130964?
5
What is the ten thousands digit of 1212151576?
5
What is the millions digit of 30014178?
0
What is the units digit of 10821598?
8
What is the tens digit of 492931460?
6
What is the hundreds digit of 61389360?
3
What is the thousands digit of 8403135078?
5
What is the ten thousands digit of 294074003?
7
What is the millions digit of 1368032228?
8
What is the ten millions digit of 297576742?
9
What is the thousands digit of 471038111?
8
What is the hundred thousands digit of 800888470?
8
What is the units digit of 1164622207?
7
What is the tens digit of 4766885697?
9
What is the hundred millions digit of 4232075208?
2
What is the tens digit of 258163204?
0
What is the tens digit of 2571810507?
0
What is the thousands digit of 539812878?
2
What is the millions digit of 5293026908?
3
What is the units digit of 109551432?
2
What is the ten millions digit of 215623094?
1
What is the ten thousands digit of 77150332?
5
What is the units digit of 141657240?
0
What is the hundred thousands digit of 604463152?
4
What is the hundreds digit of 144453603?
6
What is the units digit of 69583581?
1
What is the ten thousands digit of 847